 - 2)/(-5 + 4). Let j be q/3 - (-28)/(-12). Determine f(j).
4
Let f(g) = 75 - 138 - 4*g + 70. What is f(5)?
-13
Let r(s) = s**3 - s**2 - 2*s - 1. Let z = -6 + 8. Let g = 5 - z. Give r(g).
11
Let p(l) be the second derivative of 5*l - 1/6*l**4 - 1/2*l**2 + 1/2*l**3 + 0. Determine p(2).
-3
Suppose -33 - 7 = -5*b + 5*w, 0 = -2*w. Let h be ((-6)/4)/((-6)/b). Let v(i) = -1 - 2*i + h + i - 2. Calculate v(5).
-6
Let n be (-4)/6 - (-96)/36. Let m(f) = 0*f**n - 4*f**2 + f**2 + 4*f**2 - 2*f - 2. Determine m(2).
-2
Let g(y) = y + 8. Let n = -4 - -4. Suppose n = 3*a - 5*o + 25, -3*a - 3*o - 13 = -2*o. Determine g(a).
3
Let d(w) = -3*w - w**3 + 3 + 0*w**2 - 9*w**2 - 4*w + 1. What is d(-8)?
-4
Let u(r) be the third derivative of -r**6/120 - r**5/10 - r**4/6 - 2*r**3/3 + 19*r**2. Let k be 2/(-3) + (-13)/3. Calculate u(k).
-9
Suppose -3*d = 2*d - 150. Suppose o - 3*x = -2*o + d, 0 = -3*o - 2*x + 10. Suppose -o*m - 3 = -3*m. Let p(c) = -7*c - 1. Determine p(m).
6
Let p(a) be the first derivative of a**2/2 + a + 1. What is p(5)?
6
Let y(k) = -11*k**2 + 4*k - 3. Let g be y(1). Let f(a) = -a**2 - 9*a + 12. Calculate f(g).
2
Let l(g) = 2*g - 5. Let m be l(3). Let n(b) = 2*b**2 - 1. Calculate n(m).
1
Let q(i) be the second derivative of -i**4/12 - 7*i**2 + 28*i. Determine q(0).
-14
Suppose 26 = 2*o + 22. Let l(y) = y**3 - 6*y**2 + 4*y - 3. Give l(o).
-11
Suppose -3*m = 4*q - 98, q + q - 4*m = 38. Suppose -5*f + q = 2*l, 2*f + 0 = l + 2. Let u = l - 0. Let y(v) = -2*v + 2. What is y(u)?
-6
Let w(g) = g**3 + 5*g**2 - 8*g - 7. Suppose 4*k = -5*h + 27, -2*k + 4*h = 3*h - 3. Suppose k*u + 15 = 0, v - 2*u - 2 = 2. Determine w(v).
5
Suppose 2*s - 3 = 5. Let y(b) = b**3 - 6 + s*b - 2*b**3 + 3*b**2 + 0*b**3. Give y(4).
-6
Let u(k) = -k. Let s(x) = -3*x - 3. Let y(z) = -s(z) + 4*u(z). What is y(5)?
-2
Suppose -3*r - 2*s - 2 = -27, r = s. Let d(w) be the first derivative of 6*w - 7/2*w**2 + 3 + 1/3*w**3. Calculate d(r).
-4
Let t = 25 + -25. Let u(o) = o**3 - o**2 - o + 22. Determine u(t).
22
Let t be 10 - 40/(-5 - -13). Let s(w) be the second derivative of -w**3/6 + 7*w**2/2 + w. Calculate s(t).
2
Let l(k) = 33*k - 19*k - 4 - 12*k. Suppose -5*n + 12 = -2*n. Suppose -n*x + 5 = 3*f - 11, 2*f = 0. Determine l(x).
4
Let o(k) = -4 - 775*k - 4 + 776*k. Give o(-7).
-15
Let o(m) be the second derivative of m**5/20 - 5*m**4/12 - 3*m**3/2 + 2*m**2 - 3*m. Determine o(6).
-14
Suppose 3 = -2*w + 9. Let l(a) = -a**3 + 2*a**2 + 2*a - 3. Calculate l(w).
-6
Let a(y) be the second derivative of -y**3/3 - y**2/2 + 4*y. Let i(x) = 2*x - 6. Let d be i(4). Determine a(d).
-5
Suppose 0 = c + 3*c - 8. Let s(x) be the second derivative of -5/6*x**3 + x**c - x + 0 - 1/12*x**4. Determine s(-4).
6
Let l be 5*(4/5)/(-2). Let y(c) = -12*c - 6. Let j(u) = 4*u + 2. Let g(x) = -7*j(x) - 2*y(x). Determine g(l).
6
Let a be (-1)/(-3)*(2 - -4). Let b(q) = 3 + 5*q**2 + 0*q - 4*q**a - 2*q. Determine b(2).
3
Let f(q) = q**3 - 3*q**2 - 2*q - 1. Let c = 10 - 5. Let y(u) = 5*u + 5 + u**3 + 1 - 6*u**2 - 2 + 0*u. Let b be y(c). Give f(b).
7
Let s(c) = -c**3 + 6*c**2 - c - 5. Let w = 75 - 71. Calculate s(w).
23
Let l(k) = -k**3 + 6*k**2 - 4*k + 5. Suppose -4*p + 20 = -4*z, -z - 11 + 30 = 3*p. Give l(p).
-19
Let u(d) = 2*d**2 - d - 1. Let i(k) = -k**3 - 8*k**2 - 6*k + 6. Let w be (0 - -3) + -10 + 0. Let t be i(w). Determine u(t).
2
Let l(k) = -2*k + 1. Let d(t) = 2*t - 24. Let b be d(11). Give l(b).
5
Let x(s) = 2*s**2 - 3*s + 3. Let m be 2*(-3)/(-6)*1. Let j = 1 + m. Suppose 3*t = 2*t + j. Calculate x(t).
5
Let u(o) = 7 + 1 - 8*o - 2*o**2 + o + 3*o**2. Give u(7).
8
Let q(l) = -5 + 2*l**2 + 4 - l**2 + l + 5. Give q(-3).
10
Let i(v) = -7*v + 1. Let c = 9 + -8. Suppose -5*m - 12 = -f, 0 = -5*m + 4*f - 17 - c. Let l = m + 3. Calculate i(l).
-6
Let m(q) = -17 + 2 - q**3 - q**2 - q + 0. Determine m(0).
-15
Let w(a) = 9*a - 1. Let x = -40 + 42. Calculate w(x).
17
Suppose -5*c = 5*x + 35, 0 = 4*x - x + 9. Let m = -5 - c. Let r(d) = d**2 + d + 1. Determine r(m).
1
Suppose 4 = 2*b - 4. Let x(s) = 2*s**2 + 2*s**3 - b*s**3 + s**2. Give x(2).
-4
Suppose 24 = -p + 4*q, 5*q - 56 = 4*p - 15. Let y(k) = -k**3 - 6*k**2 - 4*k + 4. Determine y(p).
-12
Let u = 26 + -19. Let o(i) = -2*i - u + i + 10. Give o(4).
-1
Let j(d) = -d + 2 + 3*d + 9*d**2 - 8*d**2 + 0*d. What is j(-3)?
5
Let w(z) = 3*z**2 - 5*z + 7. Let d(r) = 5*r**2 - 8*r + 11. Let s = 9 + -4. Let t(h) = s*d(h) - 8*w(h). Suppose 3*b = -2*k, -3*b + 0*k + 3*k = 0. Determine t(b).
-1
Let p(v) = -6*v**2 - v + 1. Let d be 0 + ((-6)/3 - -3). Let o be p(d). Let l(a) = -a - 5. What is l(o)?
1
Suppose -3 + 27 = -3*b. Let p = b + 8. Let j(f) = f**2 - 9. Let v(k) = k**2 - 9. Let d(l) = -6*j(l) + 7*v(l). Determine d(p).
-9
Let b = 4 + -9. Let v(i) be the first derivative of 1 - 5/2*i**2 - 2*i**3 + 3*i - 1/4*i**4. Give v(b).
3
Suppose -3*x + 9 = 3. Suppose -2*n - 2*n + 12 = 0. Let a(y) = 5*y**n - y**x + 4 - 6*y**3 + y + 4. Give a(0).
8
Let p(r) = r**2 - 5*r - 1. Let g be p(4). Let w = -3 - g. Let f(z) = 6*z + w*z - 9*z. Determine f(-4).
4
Let q be (1/(-2))/((-1)/2). Let x(a) = -4*a**2 - 1 + q + 12*a**2 + 1 + a. Give x(-1).
8
Let i(z) = z - 8. Let q be i(4). Let v(s) = s**3 - s**2 + 7*s + 9. Let g(r) = -r**2 + r + 1. Let a(l) = -5*g(l) + v(l). What is a(q)?
-4
Let g(q) = q**3 + 5*q**2 + 1. Let l = 41 + -46. What is g(l)?
1
Suppose -2*y + 28 = 2*y. Suppose 0 = 2*p - 1 - y. Let j(a) = 4*a**2 - a**3 + 3*a**2 - 2*a - p*a**2. Give j(3).
-6
Let w(q) = q**3 - 5*q**2 + 3*q + 1. Let r be w(0). Let y(z) = -3*z**2 + 5*z**2 + z + 15*z**2. Give y(r).
18
Let f(q) = q**2 + 5*q - 9. Let w(g) = -g**2 - 5*g + 10. Let m(i) = 6*f(i) + 5*w(i). Give m(-5).
-4
Suppose 2 = 2*y + 10. Let i(n) be the first derivative of n**4/24 + 5*n**3/6 + 2*n**2 + 2. Let r(c) be the second derivative of i(c). Determine r(y).
1
Let c(w) = w**2 + w + 2. Let h be c(0). Let t(d) = d + 1 - 2 - 4*d. What is t(h)?
-7
Suppose -3*r = 4*o - 19 - 1, -4*r - o + 5 = 0. Let p(m) = -m**2 + m + 9. Calculate p(r).
9
Let h = -4 - -9. Suppose -h*x = 8 + 12. Let o(t) be the third derivative of -t**4/12 - t**3/2 - t**2. Determine o(x).
5
Let m(y) be the second derivative of -y**7/420 - y**6/180 - y**5/120 - y**4/12 - 5*y**3/6 - 8*y. Let q(c) be the second derivative of m(c). Determine q(-2).
8
Let c(j) = -j**3 + 3*j**2 + j - 3. Let r = 114 - 111. Calculate c(r).
0
Let h(c) be the third derivative of c**5/30 - c**4/12 - 6*c**2. Calculate h(3).
12
Let r(n) = 4*n + 7. Let s = -1 + 4. Let f = 2 + s. Let c(m) = -2*m - 4. Let d(v) = f*c(v) + 3*r(v). Determine d(-4).
-7
Let x(s) = 4*s**2 + 7*s - 4. Let k(r) = -3*r**2 - 6*r + 4. Let q(y) = -3*k(y) - 2*x(y). Calculate q(-4).
-4
Suppose -g = -4*m + 21, -8*g - 2*m = -4*g - 6. Let v(a) = -1 + 0 + a + 11*a + 2. What is v(g)?
-11
Let x(c) be the second derivative of c**5/20 + c**4/3 + 2*c. Let q be x(-4). Let h = q + -1. Let t(y) = 7*y - 1. Calculate t(h).
-8
Let o(y) = 3*y - 1. Let a(b) = -b + 1. Let d(t) = 4*t - 1. Let s be d(-2). Let l be a(s). Suppose 0*f - 5*f - l = 0. Calculate o(f).
-7
Let k(u) = 4 + 2*u - 3*u + 0*u. Let t(y) = -y**3 - 8*y**2 - 7*y + 3. Let r be t(-7). Suppose 3*a - r*g + 3 = 0, 0*a + 4*g - 9 = 5*a. Determine k(a).
9
Let a(c) be the third derivative of -c**5/30 - 5*c**4/24 + c**3/3 + 2*c**2. Calculate a(-4).
-10
Suppose 3*j + 3 = 12. Let a(n) = j + 0 - 4 - n + 4. Give a(6).
-3
Let a be (-4)/6 + 4/(-12). Let r(z) be the first derivative of 3*z**4/4 - 2*z**3/3 - z**2/2 + 1. What is r(a)?
-4
Suppose 3 = n + 1. Suppose -2*m + 0*m = 0. Suppose m*w = n*w - 2. Let k(v) = 5*v**2 + v. Calculate k(w).
6
Suppose 4*z - 53 = 3*r, -3*r + 36 = 3*z - 9. Let q(b) = 24 - z - 10 - 2*b**2. Give q(-1).
-2
Let l be 50/14 - (-9)/21. Let k(n) be the second derivative of -1/6*n**3 + 0 + n**2 - 3*n - 1/6*n**l. Determine k(-2).
-4
Let q(c) = 2*c + 0*c - 6 + 0*c. Give q(4).
2
Let y be (-1)/(-4) - (-264)/(-32). Let a(b) = b**3 + 7*b**2 - 10*b - 5. Determine a(y).
11
Let u(y) = -2*y - 12. Let a(h) = -2*h - 11. Let r(d) = 4*a(d) - 3*u(d). What is r(-7)?
6
Let s(k) = -k**3 + 6*k**2 - 3*k - 5. Let m = 29 - 25. Calculate s(m).
15
Let z be 2 + (1/1 - 3). Suppose 0 = -3*f - z*f. Let m(x) = 3*x**3 + 5*x - 9. Let t(p) = 8*p**3 + 14*p - 27. Let d(c) = 11*m(c) - 4*t(c). Give d(f).
9
Let q(l) = l**2 - l**2 - 1 + l**2. Suppose 2 + 4 =